{"id":494,"date":"2025-10-09T08:26:06","date_gmt":"2025-10-09T08:26:06","guid":{"rendered":"https:\/\/bisericatotisfintii.com\/?page_id=494"},"modified":"2025-10-09T09:21:48","modified_gmt":"2025-10-09T09:21:48","slug":"corpul-profesoral","status":"publish","type":"page","link":"https:\/\/bisericatotisfintii.com\/index.php\/corpul-profesoral\/","title":{"rendered":"Corpul profesoral"},"content":{"rendered":"<!--themify_builder_content-->\n<div id=\"themify_builder_content-494\" data-postid=\"494\" class=\"themify_builder_content themify_builder_content-494 themify_builder tf_clear\">\n    \t\t\t\t<div  data-lazy=\"1\" class=\"module_row themify_builder_row tb_xm7g547 tb_first tf_w\">\n\t\t\t\t\t\t<div class=\"row_inner col_align_top tb_col_count_2 tf_box tf_rel\">\n\t\t\t\t\t\t<div  data-lazy=\"1\" class=\"module_column tb-column col4-2 tb_cgxv548 first\">\n\t\t\t\t\t<!-- module text -->\n<div  class=\"module module-text tb_p67w949   \" data-lazy=\"1\">\n\t    <div  class=\"tb_text_wrap\">\n\t\t<p>Corpul profesoral de la \u0218coala Duminical\u0103<\/p>\n<table style=\"height: 144px;\" width=\"392\">\n<tbody>\n<tr>\n<td>Elena Neagu<\/td>\n<td><strong>Director<\/strong><\/td>\n<\/tr>\n<tr>\n<td>Minodora Grigorescu<\/td>\n<td>Profesor<\/td>\n<\/tr>\n<tr>\n<td>Natalia Bivol<\/td>\n<td>Profesor<\/td>\n<\/tr>\n<tr>\n<td>Mihaela Dinca<\/td>\n<td>Profesor<\/td>\n<\/tr>\n<tr>\n<td>Andreea Pruncut<\/td>\n<td>Profesor<\/td>\n<\/tr>\n<\/tbody>\n<\/table>    <\/div>\n<\/div>\n<!-- \/module text -->\t\t<\/div>\n\t\t\t\t\t<div  data-lazy=\"1\" class=\"module_column tb-column col4-2 tb_2ko0221 last\">\n\t\t\t\t\t\t\t<\/div>\n\t\t\t\t\t\t<\/div>\n\t\t<\/div>\n\t\t<\/div>\n<!--\/themify_builder_content-->","protected":false},"excerpt":{"rendered":"<p>Corpul profesoral de la \u0218coala Duminical\u0103 Elena Neagu Director Minodora Grigorescu Profesor Natalia Bivol Profesor Mihaela Dinca Profesor Andreea Pruncut Profesor<\/p>\n","protected":false},"author":1,"featured_media":0,"parent":0,"menu_order":0,"comment_status":"closed","ping_status":"closed","template":"","meta":{"footnotes":""},"class_list":["post-494","page","type-page","status-publish","hentry","has-post-title","has-post-date","has-post-category","has-post-tag","has-post-comment","has-post-author",""],"yoast_head":"<!-- This site is optimized with the Yoast SEO plugin v26.1.1 - https:\/\/yoast.com\/wordpress\/plugins\/seo\/ -->\n<title>Corpul profesoral - Biserica &quot;To\u021bi Sfin\u021bii&quot; din Canada<\/title>\n<meta name=\"robots\" content=\"index, follow, max-snippet:-1, max-image-preview:large, max-video-preview:-1\" \/>\n<link rel=\"canonical\" href=\"https:\/\/bisericatotisfintii.com\/index.php\/corpul-profesoral\/\" \/>\n<meta property=\"og:locale\" content=\"en_US\" \/>\n<meta property=\"og:type\" content=\"article\" \/>\n<meta property=\"og:title\" content=\"Corpul profesoral - Biserica &quot;To\u021bi Sfin\u021bii&quot; din Canada\" \/>\n<meta property=\"og:description\" content=\"Corpul profesoral de la \u0218coala Duminical\u0103 Elena Neagu Director Minodora Grigorescu Profesor Natalia Bivol Profesor Mihaela Dinca Profesor Andreea Pruncut Profesor\" \/>\n<meta property=\"og:url\" content=\"https:\/\/bisericatotisfintii.com\/index.php\/corpul-profesoral\/\" \/>\n<meta property=\"og:site_name\" content=\"Biserica &quot;To\u021bi Sfin\u021bii&quot; din Canada\" \/>\n<meta property=\"article:publisher\" content=\"https:\/\/www.facebook.com\/totisfintii\" \/>\n<meta property=\"article:modified_time\" content=\"2025-10-09T09:21:48+00:00\" \/>\n<meta name=\"twitter:card\" content=\"summary_large_image\" \/>\n<script type=\"application\/ld+json\" class=\"yoast-schema-graph\">{\"@context\":\"https:\/\/schema.org\",\"@graph\":[{\"@type\":\"WebPage\",\"@id\":\"https:\/\/bisericatotisfintii.com\/index.php\/corpul-profesoral\/\",\"url\":\"https:\/\/bisericatotisfintii.com\/index.php\/corpul-profesoral\/\",\"name\":\"Corpul profesoral - Biserica &quot;To\u021bi Sfin\u021bii&quot; din Canada\",\"isPartOf\":{\"@id\":\"https:\/\/bisericatotisfintii.com\/#website\"},\"datePublished\":\"2025-10-09T08:26:06+00:00\",\"dateModified\":\"2025-10-09T09:21:48+00:00\",\"breadcrumb\":{\"@id\":\"https:\/\/bisericatotisfintii.com\/index.php\/corpul-profesoral\/#breadcrumb\"},\"inLanguage\":\"en-US\",\"potentialAction\":[{\"@type\":\"ReadAction\",\"target\":[\"https:\/\/bisericatotisfintii.com\/index.php\/corpul-profesoral\/\"]}]},{\"@type\":\"BreadcrumbList\",\"@id\":\"https:\/\/bisericatotisfintii.com\/index.php\/corpul-profesoral\/#breadcrumb\",\"itemListElement\":[{\"@type\":\"ListItem\",\"position\":1,\"name\":\"Home\",\"item\":\"https:\/\/bisericatotisfintii.com\/\"},{\"@type\":\"ListItem\",\"position\":2,\"name\":\"Corpul profesoral\"}]},{\"@type\":\"WebSite\",\"@id\":\"https:\/\/bisericatotisfintii.com\/#website\",\"url\":\"https:\/\/bisericatotisfintii.com\/\",\"name\":\"Biserica Ortodox\u0103 Rom\u00e2n\u0103 \\\"To\u021bi Sfin\u021bii\\\" din Canada\",\"description\":\"\",\"publisher\":{\"@id\":\"https:\/\/bisericatotisfintii.com\/#organization\"},\"potentialAction\":[{\"@type\":\"SearchAction\",\"target\":{\"@type\":\"EntryPoint\",\"urlTemplate\":\"https:\/\/bisericatotisfintii.com\/?s={search_term_string}\"},\"query-input\":{\"@type\":\"PropertyValueSpecification\",\"valueRequired\":true,\"valueName\":\"search_term_string\"}}],\"inLanguage\":\"en-US\"},{\"@type\":\"Organization\",\"@id\":\"https:\/\/bisericatotisfintii.com\/#organization\",\"name\":\"Biserica Ortodox\u0103 Rom\u00e2n\u0103 \\\"To\u021bi Sfin\u021bii\\\" din Canada\",\"url\":\"https:\/\/bisericatotisfintii.com\/\",\"logo\":{\"@type\":\"ImageObject\",\"inLanguage\":\"en-US\",\"@id\":\"https:\/\/bisericatotisfintii.com\/#\/schema\/logo\/image\/\",\"url\":\"https:\/\/bisericatotisfintii.com\/wp-content\/uploads\/2025\/10\/logo-parohia-totisfintii.png\",\"contentUrl\":\"https:\/\/bisericatotisfintii.com\/wp-content\/uploads\/2025\/10\/logo-parohia-totisfintii.png\",\"width\":928,\"height\":512,\"caption\":\"Biserica Ortodox\u0103 Rom\u00e2n\u0103 \\\"To\u021bi Sfin\u021bii\\\" din Canada\"},\"image\":{\"@id\":\"https:\/\/bisericatotisfintii.com\/#\/schema\/logo\/image\/\"},\"sameAs\":[\"https:\/\/www.facebook.com\/totisfintii\"]}]}<\/script>\n<!-- \/ Yoast SEO plugin. -->","yoast_head_json":{"title":"Corpul profesoral - Biserica &quot;To\u021bi Sfin\u021bii&quot; din Canada","robots":{"index":"index","follow":"follow","max-snippet":"max-snippet:-1","max-image-preview":"max-image-preview:large","max-video-preview":"max-video-preview:-1"},"canonical":"https:\/\/bisericatotisfintii.com\/index.php\/corpul-profesoral\/","og_locale":"en_US","og_type":"article","og_title":"Corpul profesoral - Biserica &quot;To\u021bi Sfin\u021bii&quot; din Canada","og_description":"Corpul profesoral de la \u0218coala Duminical\u0103 Elena Neagu Director Minodora Grigorescu Profesor Natalia Bivol Profesor Mihaela Dinca Profesor Andreea Pruncut Profesor","og_url":"https:\/\/bisericatotisfintii.com\/index.php\/corpul-profesoral\/","og_site_name":"Biserica &quot;To\u021bi Sfin\u021bii&quot; din Canada","article_publisher":"https:\/\/www.facebook.com\/totisfintii","article_modified_time":"2025-10-09T09:21:48+00:00","twitter_card":"summary_large_image","schema":{"@context":"https:\/\/schema.org","@graph":[{"@type":"WebPage","@id":"https:\/\/bisericatotisfintii.com\/index.php\/corpul-profesoral\/","url":"https:\/\/bisericatotisfintii.com\/index.php\/corpul-profesoral\/","name":"Corpul profesoral - Biserica &quot;To\u021bi Sfin\u021bii&quot; din Canada","isPartOf":{"@id":"https:\/\/bisericatotisfintii.com\/#website"},"datePublished":"2025-10-09T08:26:06+00:00","dateModified":"2025-10-09T09:21:48+00:00","breadcrumb":{"@id":"https:\/\/bisericatotisfintii.com\/index.php\/corpul-profesoral\/#breadcrumb"},"inLanguage":"en-US","potentialAction":[{"@type":"ReadAction","target":["https:\/\/bisericatotisfintii.com\/index.php\/corpul-profesoral\/"]}]},{"@type":"BreadcrumbList","@id":"https:\/\/bisericatotisfintii.com\/index.php\/corpul-profesoral\/#breadcrumb","itemListElement":[{"@type":"ListItem","position":1,"name":"Home","item":"https:\/\/bisericatotisfintii.com\/"},{"@type":"ListItem","position":2,"name":"Corpul profesoral"}]},{"@type":"WebSite","@id":"https:\/\/bisericatotisfintii.com\/#website","url":"https:\/\/bisericatotisfintii.com\/","name":"Biserica Ortodox\u0103 Rom\u00e2n\u0103 \"To\u021bi Sfin\u021bii\" din Canada","description":"","publisher":{"@id":"https:\/\/bisericatotisfintii.com\/#organization"},"potentialAction":[{"@type":"SearchAction","target":{"@type":"EntryPoint","urlTemplate":"https:\/\/bisericatotisfintii.com\/?s={search_term_string}"},"query-input":{"@type":"PropertyValueSpecification","valueRequired":true,"valueName":"search_term_string"}}],"inLanguage":"en-US"},{"@type":"Organization","@id":"https:\/\/bisericatotisfintii.com\/#organization","name":"Biserica Ortodox\u0103 Rom\u00e2n\u0103 \"To\u021bi Sfin\u021bii\" din Canada","url":"https:\/\/bisericatotisfintii.com\/","logo":{"@type":"ImageObject","inLanguage":"en-US","@id":"https:\/\/bisericatotisfintii.com\/#\/schema\/logo\/image\/","url":"https:\/\/bisericatotisfintii.com\/wp-content\/uploads\/2025\/10\/logo-parohia-totisfintii.png","contentUrl":"https:\/\/bisericatotisfintii.com\/wp-content\/uploads\/2025\/10\/logo-parohia-totisfintii.png","width":928,"height":512,"caption":"Biserica Ortodox\u0103 Rom\u00e2n\u0103 \"To\u021bi Sfin\u021bii\" din Canada"},"image":{"@id":"https:\/\/bisericatotisfintii.com\/#\/schema\/logo\/image\/"},"sameAs":["https:\/\/www.facebook.com\/totisfintii"]}]}},"_links":{"self":[{"href":"https:\/\/bisericatotisfintii.com\/index.php\/wp-json\/wp\/v2\/pages\/494","targetHints":{"allow":["GET"]}}],"collection":[{"href":"https:\/\/bisericatotisfintii.com\/index.php\/wp-json\/wp\/v2\/pages"}],"about":[{"href":"https:\/\/bisericatotisfintii.com\/index.php\/wp-json\/wp\/v2\/types\/page"}],"author":[{"embeddable":true,"href":"https:\/\/bisericatotisfintii.com\/index.php\/wp-json\/wp\/v2\/users\/1"}],"replies":[{"embeddable":true,"href":"https:\/\/bisericatotisfintii.com\/index.php\/wp-json\/wp\/v2\/comments?post=494"}],"version-history":[{"count":3,"href":"https:\/\/bisericatotisfintii.com\/index.php\/wp-json\/wp\/v2\/pages\/494\/revisions"}],"predecessor-version":[{"id":536,"href":"https:\/\/bisericatotisfintii.com\/index.php\/wp-json\/wp\/v2\/pages\/494\/revisions\/536"}],"wp:attachment":[{"href":"https:\/\/bisericatotisfintii.com\/index.php\/wp-json\/wp\/v2\/media?parent=494"}],"curies":[{"name":"wp","href":"https:\/\/api.w.org\/{rel}","templated":true}]}}