{"id":154,"date":"2025-10-08T14:23:50","date_gmt":"2025-10-08T14:23:50","guid":{"rendered":"https:\/\/bisericatotisfintii.com\/?page_id=154"},"modified":"2025-10-09T12:55:03","modified_gmt":"2025-10-09T12:55:03","slug":"istoricul-parohiei","status":"publish","type":"page","link":"https:\/\/bisericatotisfintii.com\/index.php\/istoricul-parohiei\/","title":{"rendered":"Istoricul parohiei"},"content":{"rendered":"<!--themify_builder_content-->\n<div id=\"themify_builder_content-154\" data-postid=\"154\" class=\"themify_builder_content themify_builder_content-154 themify_builder tf_clear\">\n    \t\t\t\t<div  data-lazy=\"1\" class=\"module_row themify_builder_row tb_90xe910 tb_first tf_w\">\n\t\t\t\t\t\t<div class=\"row_inner col_align_top tb_col_count_2 tf_box tf_rel\">\n\t\t\t\t\t\t<div  data-lazy=\"1\" class=\"module_column tb-column col4-2 tb_b2w7911 first\">\n\t\t\t\t\t<!-- module text -->\n<div  class=\"module module-text tb_103n88   \" data-lazy=\"1\">\n\t    <div  class=\"tb_text_wrap\">\n\t\t<p>Aflata\u00a0sub jurisdictia Arhiepiscopiei Ortodoxe Romane in America si Canada, al carei intai statator este Inalt Prea Sfintia Sa Dr. Nicolae Condrea, <strong>PAROHIA ORTODOXA ROMANA \u2013 \u201cTOTI SFINTII\u201d \u2013 din Toronto, Canada, a luat fiinta odata cu venirea in Canada, la 5 iulie 1999, a parintelui Ioan Pop<\/strong>, impreuna cu preoteasa Adela si cele doua fiice: Julia \u2013 Maria si Teodora \u2013 Ioana.<\/p>\n<p>Nascut\u00a0in judetul Cluj la 1 Octombrie 1958 din parintii Valer si Maria, si copilarand la Brasov si Dej, parintele Ioan Pop este absolvent al Seminarului Teologic Ortodox Roman din Cluj-Napoca, 1975 \u2013 1980 si licentiat al Institutului Teologic Ortodox de Grad Universitar din Sibiu, 1981-1985.<\/p>\n<p>A\u00a0avut parte de o slujire rodnica de aproape 14 ani in comuna Rebrisoara, protopopiatul Nasaud, jud. Bistrita \u2013 Nasaud, unde in urma activitatii depuse in aria Ortodoxiei romanesti, a fost ridicat la rangul de \u201cIconom Stavrofor\u201d, de catre Inalt Prea Sfintitul Bartolomeu Anania, Arhiepiscopul Eparhiei Clujului.<\/p>    <\/div>\n<\/div>\n<!-- \/module text -->\t\t<\/div>\n\t\t\t\t\t<div  data-lazy=\"1\" class=\"module_column tb-column col4-2 tb_9tjz574 last\">\n\t\t\t\t\t<!-- module image -->\n<div  class=\"module module-image tb_fgxo351 image-top   tf_mw\" data-lazy=\"1\">\n        <div class=\"image-wrap tf_rel tf_mw\">\n\t\t    <img loading=\"lazy\" decoding=\"async\" width=\"1568\" height=\"1043\" src=\"https:\/\/bisericatotisfintii.com\/wp-content\/uploads\/2025\/10\/DSC_0034-1568x1043-1.jpg\" class=\"wp-post-image wp-image-522\" title=\"DSC_0034-1568x1043\" alt=\"DSC_0034-1568x1043\" srcset=\"https:\/\/bisericatotisfintii.com\/wp-content\/uploads\/2025\/10\/DSC_0034-1568x1043-1.jpg 1568w, https:\/\/bisericatotisfintii.com\/wp-content\/uploads\/2025\/10\/DSC_0034-1568x1043-1-300x200.jpg 300w, https:\/\/bisericatotisfintii.com\/wp-content\/uploads\/2025\/10\/DSC_0034-1568x1043-1-1024x681.jpg 1024w, https:\/\/bisericatotisfintii.com\/wp-content\/uploads\/2025\/10\/DSC_0034-1568x1043-1-768x511.jpg 768w, https:\/\/bisericatotisfintii.com\/wp-content\/uploads\/2025\/10\/DSC_0034-1568x1043-1-1536x1022.jpg 1536w\" sizes=\"auto, (max-width: 1568px) 100vw, 1568px\" \/>\t\n\t\t<\/div>\n\t<!-- \/image-wrap -->\n    \n    \t<\/div>\n<!-- \/module image -->\t\t<\/div>\n\t\t\t\t\t\t<\/div>\n\t\t<\/div>\n\t\t\t\t\t\t<div  data-lazy=\"1\" class=\"module_row themify_builder_row tb_aquj545 tf_w\">\n\t\t\t\t\t\t<div class=\"row_inner col_align_top tb_col_count_1 tf_box tf_rel\">\n\t\t\t\t\t\t<div  data-lazy=\"1\" class=\"module_column tb-column col-full tb_nx3j545 first\">\n\t\t\t\t\t<!-- module text -->\n<div  class=\"module module-text tb_6cx6262   \" data-lazy=\"1\">\n\t    <div  class=\"tb_text_wrap\">\n\t\t<p>In&nbsp;dorinta de a-si desavarsi cunostintele de Vechiul Testament, Arheologie Biblica si Limba Ebraica, parintele Ioan Pop a efectuat patru calatorii de studiu in Tara Sfanta, participand la cursurile de vara a Scolii de Arheologie Biblica a Universitatii din Jerusalim, la grupa profesorului Joseph Gutmann, scriind si numeroase note de calatorie.<\/p>\n<p><strong>In&nbsp;anul 1998, la invitatia unui grup de credinciosi din Toronto, ia decizia ca impreuna cu familia sa se mute in Canada, lucru care s-a intamplat pe 5 iulie 1999, cu dorinta de a forma o parohie si a construi o biserica ortodoxa pentru romanii de aici.<\/strong><\/p>\n<p>Inceputul&nbsp;a fost peste masura de greu. O adevarata munca de pionerat. Nu era nimic organizat pentru ca nu exista nimic: nici biserica, nici casa, nici salariu, nici inregistrare legala la Guvern., nici cont in banca, nici stampila valida, nici lista reala cu credinciosi, nici organe de conducere valid alese de cineva, nici evanghelie, nici vase liturgice, nici vestminte preotesti sau icoane\u2026, absolut nimic. Totul a fost numai dorinta, curaj, speranta, si credinta, multa credinta in Dumnezeu.<\/p>\n<p>S-a&nbsp;trecut la infaptuirea pasilor de organizare si inmatriculare legala a noii unitati parohiale;<strong> s-a inchiriat la inceput o sala intr-un Community Center pe Progress Street, la Hw. 401\/Markham.<\/strong> Crescand numarul de enoriasi, s-a simtit nevoia de a gasi o locatie mai spatioasa, astfel <strong>s-a ajuns la adresa de la 48 Thorncliffe Park Drive, unde s-a stat aproape patru ani, cu o intrerupere de sase luni, cand, datorita lucrarilor pe renovare capitala a salii, am fost nevoiti sa schimbam locatia, fiind primiti la Knox Presbyterian Church, de la adresa 4156 Sheppard Avenue, de la ora 12.<\/strong><\/p>\n<p>In tot acest timp, parintele Ioan se straduia sa zideasca biserica cea din suflete, adunand crestin langa crestin, inima langa inima, slujind lui Dumnezeu si oamenilor cu timp si fara timp. Nici cand furtuna cea napraznica a lovit familia dansului, pierzandu-si pe fiica cea mare, Julia \u2013 Maria la numai 15 ani si trei luni, nu a lasat parohia fara slujba, fara Sfanta Liturghie si cuvant de invatatura. A fost si este inconjurat, ajutat si sfatuit de un vrednic Consiliu Parohial si de Comitetul Doamnelor precum si de ceilalti binecredinciosi crestini, carora pentru a le suplementa hrana sufleteasca li se editeaza saptamanal Buletinul parohial cu teme duhovnicesti, morale, istorice sau dogmatice, care se distribuie gratuit in 200 de exemplare.<\/p>\n<p>Primul&nbsp;Compact Disc cu colinde romanesti scos de vreun preot in Toronto a fost cel al parintelui Ioan si care se intituleaza: \u201cBuna seara lui Craciun\u201d si apoi cel de-al doilea: \u201cSosit-a praznicul iara\u201d.<\/p>\n<p>In&nbsp;dorinta de a strange fonduri pentru construirea noii biserici, Parohia a organizat pe langa alte activitati si acele renumite si foarte dorite baluri, incepand cu cel al \u201cGhioceilor\u201d, si sfarsind cu cel al \u201cStrugurilor\u201d. Pe langa un oarecare beneficiu finarciar pentru biserica, mai era si este cel social, cel mai important, de apropiere, de unire, de sudare si largire a comunitatii, de o mai buna cunoastere si ajutor intre romani.<\/p>\n<p><strong>Desi&nbsp;slujbele se tineau intr-o sala de sport, intr-un loc provizoriu, totusi sala era mereu plina de credinciosi, si nici Mos Craciun nu a uitat sa vina cu daruri la cei mici din parohia noastra.<\/strong><\/p>\n<p>Odata&nbsp;avand formata Biserica de suflete, si adunand ceva bani, <strong>s-a trecut apoi la construirea Bisericii de zid.<\/strong> Iata ce se spune intr-un apel adresat de parintele Ioan, catre binecredinciosii crestini din Toronto si intreaga Canada:<\/p>\n<blockquote>\n<p>\u201cCu&nbsp;vrerea lui Dumnezeu, urmand pildei inaintasilor romani crestini din tara si de pretutindeni, de a ctitori sfintite locasuri de inchinaciune, am hotarat ca aici la Toronto, sa inaltam inca o biserica romaneasca spre slava lui Dumnezeu si spre mantuirea sufletelor noastre. In zilele dintre praznicele Sfantului Dumitru, 26 Oct. 2002, si \u201cSfintii Arhangheli\u201d Mihail si Gavril, 8 noiembrie 2002, s-a gasit de familia Serbanescu locul potrivit, s-a cumparat si s-au perfectat actele spre a deveni proprietarii imobilului situat la 545 Danforth Road (cu Birchmount).<\/p>\n<p>Apoi&nbsp;s-au intocmit planurile de constructie a noii biserici: arhitectura-desen, structura de rezistenta, partea mecanica, electrica, obtinandu-se si toate avizarile si aprobarile de la organele competente spre a putea incepe lucrarile.<\/p>\n<p>Biserica&nbsp;este \u201cmama spirituala a neamului romanesc\u201d spunea luceafarul poeziei romanesti, Mihai Eminescu. Avand sentimentul ca ne apartine, ca avem o proprietate romaneasca si crestineasca in pamant strain, vom merge cu mult drag spre acel loc; ne vom simti mai aproape de Dumnezeu si frati intre olalta. Sentimentul distantei mari si a indepartarii de TARA, se va starge atunci cand vom intra intr-o Biserica romaneasca, cu arhitectura romaneasca, cu slujitorii si slujire in \u201cLimba vechilor Cazanii\u201d.<\/p>\n<\/blockquote>\n<p><strong>O&nbsp;biserica Ortodoxa de obicei ne este mare, rece, goala. ci e mica, plina, calda, pictata, incat pare ca cerul a cobrat pe pamant<\/strong>. Ne vom simti ca intr-o cetate, intr-o fortareata a spiritului romanesc; prin ea si alte dorite Biserici, vom incesnici si vom face de cinste numele de roman si de crestin pe aceste meleaguri. Vom reprezenta pe termen foarte indelungat tara, limba, obiceiurile si credinta romaneasca in Canada. Vom scrie o pagina de istorie, iar istoria si urmasii nu ne vor uita.<\/p>\n<p>Biserica&nbsp;si credinta, limba si cultura, traditiile si portul constituie cea mai bogata zestre pe care parintii o pot oferi si transmite copiilor si urmasilor lor. La aceste lucruri ne-am gandit acum la acest inceput de drum.<\/p>\n<p>Orice&nbsp;donatie facuta Bisericii noastre in denumirea englezeasca \u201cALL SAINTS \u2013 ROMANIAN ORTHODOX PARISH OF TORONTO, va fi trecuta in CARTEA DE AUR a Bisericii, care va deveni un document pretios peste ani si ani, iar pentru fiecare suma donata se va elibera chitanta fiscala recunoscuta de Revenue Canada, la Income Tax. Bunul Dumnezeu sa va rasplateasca osteneala facuta in numele Lui\u201d.<\/p>\n<p>Biserica&nbsp;ne defineste ca fiinte care apartinem celor doua dimensiuni, celor doua lumi: cea materiala \u2013 prin trup, si cea cereasca \u2013 prin suflet. Ea este loc de rugaciune, de reculegere, de mangaiere sufleteasca, de sfintenie, unitate, mantuire; Biserica inseamna Hristos, apostoli, propoveduire, martiri, stramosi, credinta, nadejde, dragoste, istorie, farmacia Duhului Sfant, loc de mantuire, poarta cerului si a raiului.<\/p>\n<p>Privind&nbsp;peste timp inapoi, cand la inceput nu aveam chiar nimic, putem exclama impreuna cu Psalmistul: \u201cMare esti Doamne si minunate sunt lucrurile Tale, si nici un cuvant nu-i de ajuns spre lauda minunilor Tale\u201d, sau sa spunem impreuna cu cronicarul: \u201cBiruit-au gandul!\u201d<\/p>    <\/div>\n<\/div>\n<!-- \/module text -->\t\t<\/div>\n\t\t\t\t\t\t<\/div>\n\t\t<\/div>\n\t\t<\/div>\n<!--\/themify_builder_content-->","protected":false},"excerpt":{"rendered":"<p>Aflata\u00a0sub jurisdictia Arhiepiscopiei Ortodoxe Romane in America si Canada, al carei intai statator este Inalt Prea Sfintia Sa Dr. Nicolae Condrea, PAROHIA ORTODOXA ROMANA \u2013 \u201cTOTI SFINTII\u201d \u2013 din Toronto, Canada, a luat fiinta odata cu venirea in Canada, la 5 iulie 1999, a parintelui Ioan Pop, impreuna cu preoteasa Adela si cele doua fiice: [&hellip;]<\/p>\n","protected":false},"author":1,"featured_media":0,"parent":0,"menu_order":0,"comment_status":"closed","ping_status":"closed","template":"","meta":{"footnotes":""},"class_list":["post-154","page","type-page","status-publish","hentry","has-post-title","has-post-date","has-post-category","has-post-tag","has-post-comment","has-post-author",""],"yoast_head":"<!-- This site is optimized with the Yoast SEO plugin v26.1.1 - https:\/\/yoast.com\/wordpress\/plugins\/seo\/ -->\n<title>Istoricul parohiei - Biserica &quot;To\u021bi Sfin\u021bii&quot; din Canada<\/title>\n<meta name=\"robots\" content=\"index, follow, max-snippet:-1, max-image-preview:large, max-video-preview:-1\" \/>\n<link rel=\"canonical\" href=\"https:\/\/bisericatotisfintii.com\/index.php\/istoricul-parohiei\/\" \/>\n<meta property=\"og:locale\" content=\"en_US\" \/>\n<meta property=\"og:type\" content=\"article\" \/>\n<meta property=\"og:title\" content=\"Istoricul parohiei - Biserica &quot;To\u021bi Sfin\u021bii&quot; din Canada\" \/>\n<meta property=\"og:description\" content=\"Aflata\u00a0sub jurisdictia Arhiepiscopiei Ortodoxe Romane in America si Canada, al carei intai statator este Inalt Prea Sfintia Sa Dr. Nicolae Condrea, PAROHIA ORTODOXA ROMANA \u2013 \u201cTOTI SFINTII\u201d \u2013 din Toronto, Canada, a luat fiinta odata cu venirea in Canada, la 5 iulie 1999, a parintelui Ioan Pop, impreuna cu preoteasa Adela si cele doua fiice: [&hellip;]\" \/>\n<meta property=\"og:url\" content=\"https:\/\/bisericatotisfintii.com\/index.php\/istoricul-parohiei\/\" \/>\n<meta property=\"og:site_name\" content=\"Biserica &quot;To\u021bi Sfin\u021bii&quot; din Canada\" \/>\n<meta property=\"article:publisher\" content=\"https:\/\/www.facebook.com\/totisfintii\" \/>\n<meta property=\"article:modified_time\" content=\"2025-10-09T12:55:03+00:00\" \/>\n<meta property=\"og:image\" content=\"https:\/\/bisericatotisfintii.com\/wp-content\/uploads\/2025\/10\/DSC_0034-1568x1043-1.jpg\" \/>\n\t<meta property=\"og:image:width\" content=\"1568\" \/>\n\t<meta property=\"og:image:height\" content=\"1043\" \/>\n\t<meta property=\"og:image:type\" content=\"image\/jpeg\" \/>\n<meta name=\"twitter:card\" content=\"summary_large_image\" \/>\n<meta name=\"twitter:label1\" content=\"Est. reading time\" \/>\n\t<meta name=\"twitter:data1\" content=\"6 minutes\" \/>\n<script type=\"application\/ld+json\" class=\"yoast-schema-graph\">{\"@context\":\"https:\/\/schema.org\",\"@graph\":[{\"@type\":\"WebPage\",\"@id\":\"https:\/\/bisericatotisfintii.com\/index.php\/istoricul-parohiei\/\",\"url\":\"https:\/\/bisericatotisfintii.com\/index.php\/istoricul-parohiei\/\",\"name\":\"Istoricul parohiei - Biserica &quot;To\u021bi Sfin\u021bii&quot; din Canada\",\"isPartOf\":{\"@id\":\"https:\/\/bisericatotisfintii.com\/#website\"},\"primaryImageOfPage\":{\"@id\":\"https:\/\/bisericatotisfintii.com\/index.php\/istoricul-parohiei\/#primaryimage\"},\"image\":{\"@id\":\"https:\/\/bisericatotisfintii.com\/index.php\/istoricul-parohiei\/#primaryimage\"},\"thumbnailUrl\":\"https:\/\/bisericatotisfintii.com\/wp-content\/uploads\/2025\/10\/DSC_0034-1568x1043-1.jpg\",\"datePublished\":\"2025-10-08T14:23:50+00:00\",\"dateModified\":\"2025-10-09T12:55:03+00:00\",\"breadcrumb\":{\"@id\":\"https:\/\/bisericatotisfintii.com\/index.php\/istoricul-parohiei\/#breadcrumb\"},\"inLanguage\":\"en-US\",\"potentialAction\":[{\"@type\":\"ReadAction\",\"target\":[\"https:\/\/bisericatotisfintii.com\/index.php\/istoricul-parohiei\/\"]}]},{\"@type\":\"ImageObject\",\"inLanguage\":\"en-US\",\"@id\":\"https:\/\/bisericatotisfintii.com\/index.php\/istoricul-parohiei\/#primaryimage\",\"url\":\"https:\/\/bisericatotisfintii.com\/wp-content\/uploads\/2025\/10\/DSC_0034-1568x1043-1.jpg\",\"contentUrl\":\"https:\/\/bisericatotisfintii.com\/wp-content\/uploads\/2025\/10\/DSC_0034-1568x1043-1.jpg\",\"width\":1568,\"height\":1043},{\"@type\":\"BreadcrumbList\",\"@id\":\"https:\/\/bisericatotisfintii.com\/index.php\/istoricul-parohiei\/#breadcrumb\",\"itemListElement\":[{\"@type\":\"ListItem\",\"position\":1,\"name\":\"Home\",\"item\":\"https:\/\/bisericatotisfintii.com\/\"},{\"@type\":\"ListItem\",\"position\":2,\"name\":\"Istoricul parohiei\"}]},{\"@type\":\"WebSite\",\"@id\":\"https:\/\/bisericatotisfintii.com\/#website\",\"url\":\"https:\/\/bisericatotisfintii.com\/\",\"name\":\"Biserica Ortodox\u0103 Rom\u00e2n\u0103 \\\"To\u021bi Sfin\u021bii\\\" din Canada\",\"description\":\"\",\"publisher\":{\"@id\":\"https:\/\/bisericatotisfintii.com\/#organization\"},\"potentialAction\":[{\"@type\":\"SearchAction\",\"target\":{\"@type\":\"EntryPoint\",\"urlTemplate\":\"https:\/\/bisericatotisfintii.com\/?s={search_term_string}\"},\"query-input\":{\"@type\":\"PropertyValueSpecification\",\"valueRequired\":true,\"valueName\":\"search_term_string\"}}],\"inLanguage\":\"en-US\"},{\"@type\":\"Organization\",\"@id\":\"https:\/\/bisericatotisfintii.com\/#organization\",\"name\":\"Biserica Ortodox\u0103 Rom\u00e2n\u0103 \\\"To\u021bi Sfin\u021bii\\\" din Canada\",\"url\":\"https:\/\/bisericatotisfintii.com\/\",\"logo\":{\"@type\":\"ImageObject\",\"inLanguage\":\"en-US\",\"@id\":\"https:\/\/bisericatotisfintii.com\/#\/schema\/logo\/image\/\",\"url\":\"https:\/\/bisericatotisfintii.com\/wp-content\/uploads\/2025\/10\/logo-parohia-totisfintii.png\",\"contentUrl\":\"https:\/\/bisericatotisfintii.com\/wp-content\/uploads\/2025\/10\/logo-parohia-totisfintii.png\",\"width\":928,\"height\":512,\"caption\":\"Biserica Ortodox\u0103 Rom\u00e2n\u0103 \\\"To\u021bi Sfin\u021bii\\\" din Canada\"},\"image\":{\"@id\":\"https:\/\/bisericatotisfintii.com\/#\/schema\/logo\/image\/\"},\"sameAs\":[\"https:\/\/www.facebook.com\/totisfintii\"]}]}<\/script>\n<!-- \/ Yoast SEO plugin. -->","yoast_head_json":{"title":"Istoricul parohiei - Biserica &quot;To\u021bi Sfin\u021bii&quot; din Canada","robots":{"index":"index","follow":"follow","max-snippet":"max-snippet:-1","max-image-preview":"max-image-preview:large","max-video-preview":"max-video-preview:-1"},"canonical":"https:\/\/bisericatotisfintii.com\/index.php\/istoricul-parohiei\/","og_locale":"en_US","og_type":"article","og_title":"Istoricul parohiei - Biserica &quot;To\u021bi Sfin\u021bii&quot; din Canada","og_description":"Aflata\u00a0sub jurisdictia Arhiepiscopiei Ortodoxe Romane in America si Canada, al carei intai statator este Inalt Prea Sfintia Sa Dr. Nicolae Condrea, PAROHIA ORTODOXA ROMANA \u2013 \u201cTOTI SFINTII\u201d \u2013 din Toronto, Canada, a luat fiinta odata cu venirea in Canada, la 5 iulie 1999, a parintelui Ioan Pop, impreuna cu preoteasa Adela si cele doua fiice: [&hellip;]","og_url":"https:\/\/bisericatotisfintii.com\/index.php\/istoricul-parohiei\/","og_site_name":"Biserica &quot;To\u021bi Sfin\u021bii&quot; din Canada","article_publisher":"https:\/\/www.facebook.com\/totisfintii","article_modified_time":"2025-10-09T12:55:03+00:00","og_image":[{"width":1568,"height":1043,"url":"https:\/\/bisericatotisfintii.com\/wp-content\/uploads\/2025\/10\/DSC_0034-1568x1043-1.jpg","type":"image\/jpeg"}],"twitter_card":"summary_large_image","twitter_misc":{"Est. reading time":"6 minutes"},"schema":{"@context":"https:\/\/schema.org","@graph":[{"@type":"WebPage","@id":"https:\/\/bisericatotisfintii.com\/index.php\/istoricul-parohiei\/","url":"https:\/\/bisericatotisfintii.com\/index.php\/istoricul-parohiei\/","name":"Istoricul parohiei - Biserica &quot;To\u021bi Sfin\u021bii&quot; din Canada","isPartOf":{"@id":"https:\/\/bisericatotisfintii.com\/#website"},"primaryImageOfPage":{"@id":"https:\/\/bisericatotisfintii.com\/index.php\/istoricul-parohiei\/#primaryimage"},"image":{"@id":"https:\/\/bisericatotisfintii.com\/index.php\/istoricul-parohiei\/#primaryimage"},"thumbnailUrl":"https:\/\/bisericatotisfintii.com\/wp-content\/uploads\/2025\/10\/DSC_0034-1568x1043-1.jpg","datePublished":"2025-10-08T14:23:50+00:00","dateModified":"2025-10-09T12:55:03+00:00","breadcrumb":{"@id":"https:\/\/bisericatotisfintii.com\/index.php\/istoricul-parohiei\/#breadcrumb"},"inLanguage":"en-US","potentialAction":[{"@type":"ReadAction","target":["https:\/\/bisericatotisfintii.com\/index.php\/istoricul-parohiei\/"]}]},{"@type":"ImageObject","inLanguage":"en-US","@id":"https:\/\/bisericatotisfintii.com\/index.php\/istoricul-parohiei\/#primaryimage","url":"https:\/\/bisericatotisfintii.com\/wp-content\/uploads\/2025\/10\/DSC_0034-1568x1043-1.jpg","contentUrl":"https:\/\/bisericatotisfintii.com\/wp-content\/uploads\/2025\/10\/DSC_0034-1568x1043-1.jpg","width":1568,"height":1043},{"@type":"BreadcrumbList","@id":"https:\/\/bisericatotisfintii.com\/index.php\/istoricul-parohiei\/#breadcrumb","itemListElement":[{"@type":"ListItem","position":1,"name":"Home","item":"https:\/\/bisericatotisfintii.com\/"},{"@type":"ListItem","position":2,"name":"Istoricul parohiei"}]},{"@type":"WebSite","@id":"https:\/\/bisericatotisfintii.com\/#website","url":"https:\/\/bisericatotisfintii.com\/","name":"Biserica Ortodox\u0103 Rom\u00e2n\u0103 \"To\u021bi Sfin\u021bii\" din Canada","description":"","publisher":{"@id":"https:\/\/bisericatotisfintii.com\/#organization"},"potentialAction":[{"@type":"SearchAction","target":{"@type":"EntryPoint","urlTemplate":"https:\/\/bisericatotisfintii.com\/?s={search_term_string}"},"query-input":{"@type":"PropertyValueSpecification","valueRequired":true,"valueName":"search_term_string"}}],"inLanguage":"en-US"},{"@type":"Organization","@id":"https:\/\/bisericatotisfintii.com\/#organization","name":"Biserica Ortodox\u0103 Rom\u00e2n\u0103 \"To\u021bi Sfin\u021bii\" din Canada","url":"https:\/\/bisericatotisfintii.com\/","logo":{"@type":"ImageObject","inLanguage":"en-US","@id":"https:\/\/bisericatotisfintii.com\/#\/schema\/logo\/image\/","url":"https:\/\/bisericatotisfintii.com\/wp-content\/uploads\/2025\/10\/logo-parohia-totisfintii.png","contentUrl":"https:\/\/bisericatotisfintii.com\/wp-content\/uploads\/2025\/10\/logo-parohia-totisfintii.png","width":928,"height":512,"caption":"Biserica Ortodox\u0103 Rom\u00e2n\u0103 \"To\u021bi Sfin\u021bii\" din Canada"},"image":{"@id":"https:\/\/bisericatotisfintii.com\/#\/schema\/logo\/image\/"},"sameAs":["https:\/\/www.facebook.com\/totisfintii"]}]}},"_links":{"self":[{"href":"https:\/\/bisericatotisfintii.com\/index.php\/wp-json\/wp\/v2\/pages\/154","targetHints":{"allow":["GET"]}}],"collection":[{"href":"https:\/\/bisericatotisfintii.com\/index.php\/wp-json\/wp\/v2\/pages"}],"about":[{"href":"https:\/\/bisericatotisfintii.com\/index.php\/wp-json\/wp\/v2\/types\/page"}],"author":[{"embeddable":true,"href":"https:\/\/bisericatotisfintii.com\/index.php\/wp-json\/wp\/v2\/users\/1"}],"replies":[{"embeddable":true,"href":"https:\/\/bisericatotisfintii.com\/index.php\/wp-json\/wp\/v2\/comments?post=154"}],"version-history":[{"count":9,"href":"https:\/\/bisericatotisfintii.com\/index.php\/wp-json\/wp\/v2\/pages\/154\/revisions"}],"predecessor-version":[{"id":605,"href":"https:\/\/bisericatotisfintii.com\/index.php\/wp-json\/wp\/v2\/pages\/154\/revisions\/605"}],"wp:attachment":[{"href":"https:\/\/bisericatotisfintii.com\/index.php\/wp-json\/wp\/v2\/media?parent=154"}],"curies":[{"name":"wp","href":"https:\/\/api.w.org\/{rel}","templated":true}]}}